{"id":179,"date":"2025-01-08T15:51:48","date_gmt":"2025-01-08T14:51:48","guid":{"rendered":"http:\/\/gladrow.webspeicherdienst.de\/?page_id=179"},"modified":"2025-12-08T11:09:41","modified_gmt":"2025-12-08T10:09:41","slug":"service","status":"publish","type":"page","link":"https:\/\/www.gladrow-online.com\/?page_id=179","title":{"rendered":"Service"},"content":{"rendered":"\t\t<div data-elementor-type=\"wp-page\" data-elementor-id=\"179\" class=\"elementor elementor-179\">\n\t\t\t\t<div class=\"elementor-element elementor-element-87dfe4c e-flex e-con-boxed e-con e-parent\" data-id=\"87dfe4c\" data-element_type=\"container\" data-e-type=\"container\" data-settings=\"{&quot;background_background&quot;:&quot;classic&quot;}\">\n\t\t\t\t\t<div class=\"e-con-inner\">\n\t\t\t\t<div class=\"elementor-element elementor-element-e4bdcd5 elementor-widget elementor-widget-spacer\" data-id=\"e4bdcd5\" data-element_type=\"widget\" data-e-type=\"widget\" data-widget_type=\"spacer.default\">\n\t\t\t\t<div class=\"elementor-widget-container\">\n\t\t\t\t\t\t\t<div class=\"elementor-spacer\">\n\t\t\t<div class=\"elementor-spacer-inner\"><\/div>\n\t\t<\/div>\n\t\t\t\t\t\t<\/div>\n\t\t\t\t<\/div>\n\t\t\t\t<div class=\"elementor-element elementor-element-feaff7d elementor-widget elementor-widget-heading\" data-id=\"feaff7d\" data-element_type=\"widget\" data-e-type=\"widget\" data-widget_type=\"heading.default\">\n\t\t\t\t<div class=\"elementor-widget-container\">\n\t\t\t\t\t<h2 class=\"elementor-heading-title elementor-size-default\">Unser Service \u2013<\/h2>\t\t\t\t<\/div>\n\t\t\t\t<\/div>\n\t\t\t\t<div class=\"elementor-element elementor-element-fcf8a18 elementor-widget elementor-widget-heading\" data-id=\"fcf8a18\" data-element_type=\"widget\" data-e-type=\"widget\" data-widget_type=\"heading.default\">\n\t\t\t\t<div class=\"elementor-widget-container\">\n\t\t\t\t\t<h2 class=\"elementor-heading-title elementor-size-default\">immer einen Schritt voraus!<\/h2>\t\t\t\t<\/div>\n\t\t\t\t<\/div>\n\t\t\t\t<div class=\"elementor-element elementor-element-9a3dd6f elementor-widget-divider--view-line elementor-widget elementor-widget-divider\" data-id=\"9a3dd6f\" data-element_type=\"widget\" data-e-type=\"widget\" data-widget_type=\"divider.default\">\n\t\t\t\t<div class=\"elementor-widget-container\">\n\t\t\t\t\t\t\t<div class=\"elementor-divider\">\n\t\t\t<span class=\"elementor-divider-separator\">\n\t\t\t\t\t\t<\/span>\n\t\t<\/div>\n\t\t\t\t\t\t<\/div>\n\t\t\t\t<\/div>\n\t\t\t\t<div class=\"elementor-element elementor-element-ae3aeef elementor-widget elementor-widget-spacer\" data-id=\"ae3aeef\" data-element_type=\"widget\" data-e-type=\"widget\" data-widget_type=\"spacer.default\">\n\t\t\t\t<div class=\"elementor-widget-container\">\n\t\t\t\t\t\t\t<div class=\"elementor-spacer\">\n\t\t\t<div class=\"elementor-spacer-inner\"><\/div>\n\t\t<\/div>\n\t\t\t\t\t\t<\/div>\n\t\t\t\t<\/div>\n\t\t<div class=\"elementor-element elementor-element-1e89ec7 e-grid e-con-full e-con e-child\" data-id=\"1e89ec7\" data-element_type=\"container\" data-e-type=\"container\">\n\t\t\t\t<div class=\"elementor-element elementor-element-c90d7e3 elementor-widget elementor-widget-text-editor\" data-id=\"c90d7e3\" data-element_type=\"widget\" data-e-type=\"widget\" data-widget_type=\"text-editor.default\">\n\t\t\t\t<div class=\"elementor-widget-container\">\n\t\t\t\t\t\t\t\t\t<p>Als Gro\u00dfh\u00e4ndler f\u00fcr frische und regionale Lebensmittel bieten wir unseren Gesch\u00e4ftskunden nicht nur hochwertige Produkte, sondern auch ma\u00dfgeschneiderte L\u00f6sungen. Von einer effizienten Logistik bis hin zu exklusiven Bestellm\u00f6glichkeiten \u2013 wir stehen Ihnen als zuverl\u00e4ssiger Partner zur Seite.<\/p>\t\t\t\t\t\t\t\t<\/div>\n\t\t\t\t<\/div>\n\t\t\t\t<div class=\"elementor-element elementor-element-9b8e4d1 elementor-widget elementor-widget-image\" data-id=\"9b8e4d1\" data-element_type=\"widget\" data-e-type=\"widget\" data-widget_type=\"image.default\">\n\t\t\t\t<div class=\"elementor-widget-container\">\n\t\t\t\t\t\t\t\t\t\t\t\t\t\t\t<img fetchpriority=\"high\" decoding=\"async\" width=\"1024\" height=\"588\" src=\"https:\/\/www.gladrow-online.com\/wp-content\/uploads\/2025\/11\/thumbnail_IMG_1541-1024x588.jpg\" class=\"attachment-large size-large wp-image-811\" alt=\"\" srcset=\"https:\/\/www.gladrow-online.com\/wp-content\/uploads\/2025\/11\/thumbnail_IMG_1541-1024x588.jpg 1024w, https:\/\/www.gladrow-online.com\/wp-content\/uploads\/2025\/11\/thumbnail_IMG_1541-300x172.jpg 300w, https:\/\/www.gladrow-online.com\/wp-content\/uploads\/2025\/11\/thumbnail_IMG_1541-768x441.jpg 768w, https:\/\/www.gladrow-online.com\/wp-content\/uploads\/2025\/11\/thumbnail_IMG_1541-1536x882.jpg 1536w, https:\/\/www.gladrow-online.com\/wp-content\/uploads\/2025\/11\/thumbnail_IMG_1541.jpg 1920w\" sizes=\"(max-width: 1024px) 100vw, 1024px\" \/>\t\t\t\t\t\t\t\t\t\t\t\t\t\t\t<\/div>\n\t\t\t\t<\/div>\n\t\t\t\t<\/div>\n\t\t\t\t<div class=\"elementor-element elementor-element-c2d7342 elementor-widget elementor-widget-spacer\" data-id=\"c2d7342\" data-element_type=\"widget\" data-e-type=\"widget\" data-widget_type=\"spacer.default\">\n\t\t\t\t<div class=\"elementor-widget-container\">\n\t\t\t\t\t\t\t<div class=\"elementor-spacer\">\n\t\t\t<div class=\"elementor-spacer-inner\"><\/div>\n\t\t<\/div>\n\t\t\t\t\t\t<\/div>\n\t\t\t\t<\/div>\n\t\t\t\t<div class=\"elementor-element elementor-element-fd3f3ac elementor-hidden-desktop elementor-hidden-tablet elementor-hidden-mobile elementor-widget elementor-widget-heading\" data-id=\"fd3f3ac\" data-element_type=\"widget\" data-e-type=\"widget\" data-widget_type=\"heading.default\">\n\t\t\t\t<div class=\"elementor-widget-container\">\n\t\t\t\t\t<h2 class=\"elementor-heading-title elementor-size-default\">Gesunde Ern\u00e4hrung in Schulen -<\/h2>\t\t\t\t<\/div>\n\t\t\t\t<\/div>\n\t\t\t\t<div class=\"elementor-element elementor-element-9a29ee8 elementor-hidden-desktop elementor-hidden-tablet elementor-hidden-mobile elementor-widget elementor-widget-heading\" data-id=\"9a29ee8\" data-element_type=\"widget\" data-e-type=\"widget\" data-widget_type=\"heading.default\">\n\t\t\t\t<div class=\"elementor-widget-container\">\n\t\t\t\t\t<h2 class=\"elementor-heading-title elementor-size-default\">Unser Beitrag zur Bildung<\/h2>\t\t\t\t<\/div>\n\t\t\t\t<\/div>\n\t\t\t\t<div class=\"elementor-element elementor-element-ea66f7b elementor-widget elementor-widget-spacer\" data-id=\"ea66f7b\" data-element_type=\"widget\" data-e-type=\"widget\" data-widget_type=\"spacer.default\">\n\t\t\t\t<div class=\"elementor-widget-container\">\n\t\t\t\t\t\t\t<div class=\"elementor-spacer\">\n\t\t\t<div class=\"elementor-spacer-inner\"><\/div>\n\t\t<\/div>\n\t\t\t\t\t\t<\/div>\n\t\t\t\t<\/div>\n\t\t<div class=\"elementor-element elementor-element-5295dcf e-grid e-con-full elementor-hidden-desktop elementor-hidden-tablet elementor-hidden-mobile e-con e-child\" data-id=\"5295dcf\" data-element_type=\"container\" data-e-type=\"container\">\n\t\t\t\t<div class=\"elementor-element elementor-element-128dac2 elementor-align-center elementor-widget elementor-widget-button\" data-id=\"128dac2\" data-element_type=\"widget\" data-e-type=\"widget\" data-widget_type=\"button.default\">\n\t\t\t\t<div class=\"elementor-widget-container\">\n\t\t\t\t\t\t\t\t\t<div class=\"elementor-button-wrapper\">\n\t\t\t\t\t<a class=\"elementor-button elementor-button-link elementor-size-sm\" href=\"#\">\n\t\t\t\t\t\t<span class=\"elementor-button-content-wrapper\">\n\t\t\t\t\t\t\t\t\t<span class=\"elementor-button-text\">MEHR ERFAHREN<\/span>\n\t\t\t\t\t<\/span>\n\t\t\t\t\t<\/a>\n\t\t\t\t<\/div>\n\t\t\t\t\t\t\t\t<\/div>\n\t\t\t\t<\/div>\n\t\t\t\t<div class=\"elementor-element elementor-element-96794ec elementor-widget elementor-widget-text-editor\" data-id=\"96794ec\" data-element_type=\"widget\" data-e-type=\"widget\" data-widget_type=\"text-editor.default\">\n\t\t\t\t<div class=\"elementor-widget-container\">\n\t\t\t\t\t\t\t\t\t<p>Wir unterst\u00fctzen Schulen mit frischen Milch- und Obstprodukten im Rahmen staatlicher F\u00f6rderprogramme. Mit unserer Erfahrung sorgen wir f\u00fcr eine zuverl\u00e4ssige und p\u00fcnktliche Belieferung, damit Sch\u00fcler t\u00e4glich von gesunden Snacks profitieren.<\/p>\t\t\t\t\t\t\t\t<\/div>\n\t\t\t\t<\/div>\n\t\t\t\t<\/div>\n\t\t\t\t<div class=\"elementor-element elementor-element-9354f85 elementor-widget elementor-widget-spacer\" data-id=\"9354f85\" data-element_type=\"widget\" data-e-type=\"widget\" data-widget_type=\"spacer.default\">\n\t\t\t\t<div class=\"elementor-widget-container\">\n\t\t\t\t\t\t\t<div class=\"elementor-spacer\">\n\t\t\t<div class=\"elementor-spacer-inner\"><\/div>\n\t\t<\/div>\n\t\t\t\t\t\t<\/div>\n\t\t\t\t<\/div>\n\t\t\t\t<div class=\"elementor-element elementor-element-290b832 elementor-widget elementor-widget-heading\" data-id=\"290b832\" data-element_type=\"widget\" data-e-type=\"widget\" data-widget_type=\"heading.default\">\n\t\t\t\t<div class=\"elementor-widget-container\">\n\t\t\t\t\t<h2 class=\"elementor-heading-title elementor-size-default\">Einfach bestellen -<\/h2>\t\t\t\t<\/div>\n\t\t\t\t<\/div>\n\t\t\t\t<div class=\"elementor-element elementor-element-66882de elementor-widget elementor-widget-heading\" data-id=\"66882de\" data-element_type=\"widget\" data-e-type=\"widget\" data-widget_type=\"heading.default\">\n\t\t\t\t<div class=\"elementor-widget-container\">\n\t\t\t\t\t<h2 class=\"elementor-heading-title elementor-size-default\">unser Online-Shop f\u00fcr Gesch\u00e4ftskunden<\/h2>\t\t\t\t<\/div>\n\t\t\t\t<\/div>\n\t\t\t\t<div class=\"elementor-element elementor-element-4ac0c8d elementor-widget elementor-widget-spacer\" data-id=\"4ac0c8d\" data-element_type=\"widget\" data-e-type=\"widget\" data-widget_type=\"spacer.default\">\n\t\t\t\t<div class=\"elementor-widget-container\">\n\t\t\t\t\t\t\t<div class=\"elementor-spacer\">\n\t\t\t<div class=\"elementor-spacer-inner\"><\/div>\n\t\t<\/div>\n\t\t\t\t\t\t<\/div>\n\t\t\t\t<\/div>\n\t\t<div class=\"elementor-element elementor-element-edf5b3e e-grid e-con-full e-con e-child\" data-id=\"edf5b3e\" data-element_type=\"container\" data-e-type=\"container\">\n\t\t\t\t<div class=\"elementor-element elementor-element-b83a399 elementor-widget elementor-widget-text-editor\" data-id=\"b83a399\" data-element_type=\"widget\" data-e-type=\"widget\" data-widget_type=\"text-editor.default\">\n\t\t\t\t<div class=\"elementor-widget-container\">\n\t\t\t\t\t\t\t\t\t<p>Nutzen Sie unseren praktischen Online-Shop, um Ihre Bestellungen schnell und unkompliziert abzuwickeln. Der Shop ist exklusiv f\u00fcr registrierte Gesch\u00e4ftskunden zug\u00e4nglich und bietet Ihnen rund um die Uhr Zugriff auf unser komplettes Sortiment.<\/p><p>Wenn Sie Interesse an einem Zugang haben, kontaktieren Sie uns gerne \u2013 wir richten Ihren pers\u00f6nlichen Zugang schnell und unkompliziert f\u00fcr Sie ein.<\/p><div id=\"telefon\"><div><div>Tel. 033764 799590<\/div><div><a style=\"font-size: 16px; background-color: #ffffff;\" href=\"mailto:info@gladrow-online.com\">info@gladrow-online.com<\/a><\/div><\/div><div>oder \u00fcber unser <a href=\"http:\/\/gladrow-online.com\/?page_id=185\">Kontaktformular<\/a><\/div><\/div>\t\t\t\t\t\t\t\t<\/div>\n\t\t\t\t<\/div>\n\t\t\t\t<div class=\"elementor-element elementor-element-9e1b71b elementor-align-center elementor-widget elementor-widget-button\" data-id=\"9e1b71b\" data-element_type=\"widget\" data-e-type=\"widget\" data-widget_type=\"button.default\">\n\t\t\t\t<div class=\"elementor-widget-container\">\n\t\t\t\t\t\t\t\t\t<div class=\"elementor-button-wrapper\">\n\t\t\t\t\t<a class=\"elementor-button elementor-button-link elementor-size-sm\" href=\"https:\/\/shop.gladrow-online.com\">\n\t\t\t\t\t\t<span class=\"elementor-button-content-wrapper\">\n\t\t\t\t\t\t\t\t\t<span class=\"elementor-button-text\">ZUM SHOP<\/span>\n\t\t\t\t\t<\/span>\n\t\t\t\t\t<\/a>\n\t\t\t\t<\/div>\n\t\t\t\t\t\t\t\t<\/div>\n\t\t\t\t<\/div>\n\t\t\t\t<\/div>\n\t\t\t\t<div class=\"elementor-element elementor-element-cc04c18 elementor-widget elementor-widget-spacer\" data-id=\"cc04c18\" data-element_type=\"widget\" data-e-type=\"widget\" data-widget_type=\"spacer.default\">\n\t\t\t\t<div class=\"elementor-widget-container\">\n\t\t\t\t\t\t\t<div class=\"elementor-spacer\">\n\t\t\t<div class=\"elementor-spacer-inner\"><\/div>\n\t\t<\/div>\n\t\t\t\t\t\t<\/div>\n\t\t\t\t<\/div>\n\t\t\t\t<div class=\"elementor-element elementor-element-ed122f1 elementor-widget__width-inherit elementor-absolute elementor-widget elementor-widget-ucaddon_logo_grid\" data-id=\"ed122f1\" data-element_type=\"widget\" data-e-type=\"widget\" data-settings=\"{&quot;_position&quot;:&quot;absolute&quot;}\" data-widget_type=\"ucaddon_logo_grid.default\">\n\t\t\t\t<div class=\"elementor-widget-container\">\n\t\t\t\t\t\n<!-- start Logo Grid -->\n<style>\/* widget: Logo Grid *\/\n\n#uc_logo_grid_elementor_ed122f1 {\n  display: grid;\n}\n#uc_logo_grid_elementor_ed122f1 .ue-logo-title\n{\n  width:100%;\n  position:absolute;\n  bottom:0;\n  text-align:center;\n  left:0;\n}\n\n#uc_logo_grid_elementor_ed122f1 div.logo-grid-item\n{\ntext-align:center;\ndisplay:flex;\nflex-direction:column;\njustify-content:center;\nalign-items:center;\noverflow:hidden;\n  position:relative;\n  transition:0.3s;\n\n}\n\n#uc_logo_grid_elementor_ed122f1 div.logo-grid-item img\n{\nwidth:100%;\n  object-fit: contain;\n  display:block;\n  mix-blend-mode: normal;\n  position:absolute;\n  top:0;\n  left:0;\n  right:0;\n  bottom:0;\n  height:100%;\n  transition:0.3s;\n}\n\n\n\n#uc_logo_grid_elementor_ed122f1 a\n{\n  display:block;\n  position:absolute;\n  top:0;\n  left:0;\n  right:0;\n  bottom:0;\n  cursor:pointer;\n  display:flex;\njustify-content:center;\nalign-items:center;\n}\n\n<\/style>\n\n<div id=\"uc_logo_grid_elementor_ed122f1\" class=\"ue-logo-grid uc-items-wrapper \" >\n\t\t   <div class=\"logo-grid-item \" >\n   \n\t<a href=\"https:\/\/www.gladrow-online.com\/wp-content\/uploads\/2025\/12\/Bio-Zertifikat-2025.pdf\" > \n\t\n  \n    <img decoding=\"async\" src=\"https:\/\/www.gladrow-online.com\/wp-content\/uploads\/2025\/11\/eu-organic-logo-600x400_0.png\" title=\"Logo\"  src=\"https:\/\/www.gladrow-online.com\/wp-content\/uploads\/2025\/11\/eu-organic-logo-600x400_0.png\" alt=\"eu-organic-logo-600x400_0\" width=\"538\" height=\"359\">\n      \t\n      \n  <\/a>\n  \t\n<\/div>\n<div class=\"logo-grid-item \" >\n   \n\t<a href=\"http:\/\/gladrow-online.com\/wp-content\/uploads\/2025\/01\/CO2Siegel.pdf\"  target='_blank'> \n\t\n  \n    <img decoding=\"async\" src=\"https:\/\/www.gladrow-online.com\/wp-content\/uploads\/2025\/01\/CO2-Siegel.png\" title=\"CO2-Siegel\"  src=\"https:\/\/www.gladrow-online.com\/wp-content\/uploads\/2025\/01\/CO2-Siegel.png\" alt=\"CO2-Siegel f\u00fcr umweltfreundliche Versorgung mit wirkaufenihrenabfall.de\" width=\"264\" height=\"144\">\n      \t\n      \n  <\/a>\n  \t\n<\/div>\n<div class=\"logo-grid-item \" >\n   \n\t<a href=\"https:\/\/www.gladrow-online.com\/wp-content\/uploads\/2025\/12\/ZERTIFIKAT-GLADROW-2026.pdf\"  target='_blank'> \n\t\n  \n    <img loading=\"lazy\" decoding=\"async\" src=\"https:\/\/www.gladrow-online.com\/wp-content\/uploads\/2025\/11\/Medaille-2026-Rating-for-SUSTAINABILITY.png\" title=\"Logo\"  src=\"https:\/\/www.gladrow-online.com\/wp-content\/uploads\/2025\/11\/Medaille-2026-Rating-for-SUSTAINABILITY.png\" alt=\"Medaille 2026 Rating for SUSTAINABILITY\" width=\"1696\" height=\"1695\">\n      \t\n      \n  <\/a>\n  \t\n<\/div>\n<div class=\"logo-grid-item \" >\n   \n\t<a href=\"https:\/\/www.gladrow-online.com\/wp-content\/uploads\/2025\/12\/QS-Zertifikate-bis-11-26.pdf\"  target='_blank'> \n\t\n  \n    <img loading=\"lazy\" decoding=\"async\" src=\"https:\/\/www.gladrow-online.com\/wp-content\/uploads\/2025\/10\/QS-Logo-Blau-mit-Verlauf-URL-transp-DE.png\" title=\"Logo\"  src=\"https:\/\/www.gladrow-online.com\/wp-content\/uploads\/2025\/10\/QS-Logo-Blau-mit-Verlauf-URL-transp-DE.png\" alt=\"QS-Logo-Blau-mit-Verlauf-URL-transp-DE\" width=\"417\" height=\"543\">\n      \t\n      \n  <\/a>\n  \t\n<\/div>\n\n    <\/div>\n<!-- end Logo Grid -->\t\t\t\t<\/div>\n\t\t\t\t<\/div>\n\t\t\t\t\t<\/div>\n\t\t\t\t<\/div>\n\t\t\t\t<\/div>\n\t\t","protected":false},"excerpt":{"rendered":"<p>Unser Service \u2013 immer einen Schritt voraus! Als Gro\u00dfh\u00e4ndler f\u00fcr frische und regionale Lebensmittel bieten wir unseren Gesch\u00e4ftskunden nicht nur [&hellip;]<\/p>\n","protected":false},"author":1,"featured_media":0,"parent":0,"menu_order":0,"comment_status":"closed","ping_status":"closed","template":"elementor_header_footer","meta":{"site-sidebar-layout":"no-sidebar","site-content-layout":"","ast-site-content-layout":"full-width-container","site-content-style":"default","site-sidebar-style":"default","ast-global-header-display":"","ast-banner-title-visibility":"","ast-main-header-display":"","ast-hfb-above-header-display":"","ast-hfb-below-header-display":"","ast-hfb-mobile-header-display":"","site-post-title":"disabled","ast-breadcrumbs-content":"","ast-featured-img":"disabled","footer-sml-layout":"","ast-disable-related-posts":"","theme-transparent-header-meta":"","adv-header-id-meta":"","stick-header-meta":"","header-above-stick-meta":"","header-main-stick-meta":"","header-below-stick-meta":"","astra-migrate-meta-layouts":"default","ast-page-background-enabled":"default","ast-page-background-meta":{"desktop":{"background-color":"var(--ast-global-color-5)","background-image":"","background-repeat":"repeat","background-position":"center center","background-size":"auto","background-attachment":"scroll","background-type":"","background-media":"","overlay-type":"","overlay-color":"","overlay-opacity":"","overlay-gradient":""},"tablet":{"background-color":"","background-image":"","background-repeat":"repeat","background-position":"center center","background-size":"auto","background-attachment":"scroll","background-type":"","background-media":"","overlay-type":"","overlay-color":"","overlay-opacity":"","overlay-gradient":""},"mobile":{"background-color":"","background-image":"","background-repeat":"repeat","background-position":"center center","background-size":"auto","background-attachment":"scroll","background-type":"","background-media":"","overlay-type":"","overlay-color":"","overlay-opacity":"","overlay-gradient":""}},"ast-content-background-meta":{"desktop":{"background-color":"var(--ast-global-color-4)","background-image":"","background-repeat":"repeat","background-position":"center center","background-size":"auto","background-attachment":"scroll","background-type":"","background-media":"","overlay-type":"","overlay-color":"","overlay-opacity":"","overlay-gradient":""},"tablet":{"background-color":"var(--ast-global-color-4)","background-image":"","background-repeat":"repeat","background-position":"center center","background-size":"auto","background-attachment":"scroll","background-type":"","background-media":"","overlay-type":"","overlay-color":"","overlay-opacity":"","overlay-gradient":""},"mobile":{"background-color":"var(--ast-global-color-4)","background-image":"","background-repeat":"repeat","background-position":"center center","background-size":"auto","background-attachment":"scroll","background-type":"","background-media":"","overlay-type":"","overlay-color":"","overlay-opacity":"","overlay-gradient":""}},"footnotes":""},"class_list":["post-179","page","type-page","status-publish","hentry"],"_links":{"self":[{"href":"https:\/\/www.gladrow-online.com\/index.php?rest_route=\/wp\/v2\/pages\/179","targetHints":{"allow":["GET"]}}],"collection":[{"href":"https:\/\/www.gladrow-online.com\/index.php?rest_route=\/wp\/v2\/pages"}],"about":[{"href":"https:\/\/www.gladrow-online.com\/index.php?rest_route=\/wp\/v2\/types\/page"}],"author":[{"embeddable":true,"href":"https:\/\/www.gladrow-online.com\/index.php?rest_route=\/wp\/v2\/users\/1"}],"replies":[{"embeddable":true,"href":"https:\/\/www.gladrow-online.com\/index.php?rest_route=%2Fwp%2Fv2%2Fcomments&post=179"}],"version-history":[{"count":43,"href":"https:\/\/www.gladrow-online.com\/index.php?rest_route=\/wp\/v2\/pages\/179\/revisions"}],"predecessor-version":[{"id":941,"href":"https:\/\/www.gladrow-online.com\/index.php?rest_route=\/wp\/v2\/pages\/179\/revisions\/941"}],"wp:attachment":[{"href":"https:\/\/www.gladrow-online.com\/index.php?rest_route=%2Fwp%2Fv2%2Fmedia&parent=179"}],"curies":[{"name":"wp","href":"https:\/\/api.w.org\/{rel}","templated":true}]}}